vided by 49?
15
Suppose 2*n = 5*t + 167, 4*t - 20 - 44 = -n. What is the remainder when n is divided by (-50 - 1 - -4)/(-1)?
29
Let y = 19211 + -19030. Calculate the remainder when 900 is divided by y.
176
Let h be (-1 - -4) + (-40)/4. Let r = h - -9. What is the remainder when 12/(-8)*(r - 56) is divided by 22?
15
Let s(h) = h**2 + 53. Suppose 0 = l + 3, 2*o - 6*l = -4*l + 6. Let n be s(o). Let w = -46 + n. Calculate the remainder when 25 is divided by w.
4
Let q(k) = -k**3 - 12*k**2 - 48*k - 114. Calculate the remainder when q(-11) is divided by 73.
1
Suppose -4*g = 2*u - 22, 0*u + 3*g = 3*u + 3. What is the remainder when ((-14)/u)/(50/(-300)) is divided by 17?
11
Calculate the remainder when 1794 - (4346/(-954) + (-4)/9) is divided by 14.
7
Calculate the remainder when (2/12)/(9/5562) is divided by 31.
10
Suppose 4*i - 108 = -5*b + 195, -i - 4*b = -62. What is the remainder when 701 is divided by i?
45
Suppose 5*d = 0, -3*j + 180 = -0*j + 2*d. Calculate the remainder when 243 is divided by j.
3
Let f be 10/4*(-4)/(-5). Suppose -f*i + 20 = 2*i. What is the remainder when 2/(-6)*666/(-74) + (16 - 0) is divided by i?
4
Suppose -18*d + 22*d + 35 = 3*j, -2*j = d - 5. Suppose 0 = i - 4*u - 23, 5*i - j*u - 18 = 52. Calculate the remainder when 98 is divided by i.
10
Let x(n) be the first derivative of n**4/4 + 8*n**3/3 - n**2 - 4*n + 78. What is the remainder when 22 is divided by x(-8)?
10
Let c = 1719 + -1633. What is the remainder when 446 is divided by c?
16
What is the remainder when 172 is divided by ((-45)/(-36))/((-10)/(-280))?
32
Let t = -2359 + 4935. What is the remainder when t is divided by 15?
11
Let p(x) = -3*x**2 + 163*x + 117. What is the remainder when ((-152)/10)/(1/(-5)) is divided by p(55)?
6
Let o(g) = -303*g + 16377. Let w(b) = 56*b + 2. What is the remainder when w(2) is divided by o(54)?
9
Let r be (-402)/(-30) - 4/10 - 1. Suppose 3*q - r = 84. What is the remainder when 55 is divided by q?
23
Suppose 11*a + 12*a - 2185 = 0. Suppose 76*x = 73*x - 5*b + 41, -5*x + 5*b = -a. What is the remainder when 100 is divided by x?
15
Suppose -76*f = -75*f - 5*i - 437, 3*i - 1275 = -3*f. Calculate the remainder when f is divided by 105.
7
Suppose 9 = 4*t - l - 93, 2*t = 4*l + 44. Let q(y) = y**2 - 7*y + 62. Calculate the remainder when q(0) is divided by t.
10
Let a = -256 + 248. Let p(n) = 22*n + 198. Calculate the remainder when 124 is divided by p(a).
14
What is the remainder when 376/(0 + 4)*1 is divided by 66?
28
Let b(k) = 19*k + 123. Let r be b(-6). Suppose 200 = a + r*a. Calculate the remainder when 35 is divided by a.
15
Calculate the remainder when (232140/24)/(-53)*(-12)/1 is divided by 69.
51
What is the remainder when 294 is divided by (-42)/(-63) - (-4 + ((-70)/3 - -3))?
19
Let g = -11673 + 11720. Let u(i) = -4*i + 4. Let n be u(-5). Suppose -3*k - n = -2*w, -8*k = -w - 3*k + 12. What is the remainder when g is divided by w?
11
Let j = -123 + 248. Suppose 2*r + 5*h = j, 179 = 3*r - h - 0*h. Suppose 9*x = 4*x + r. Calculate the remainder when x is divided by 7.
5
Suppose -2*p - 25788 = -30*p. Suppose 4*d + d - p = -4*v, -3*v - 4*d + 690 = 0. What is the remainder when v is divided by 59?
57
Suppose -180 = -4*j - j. Suppose 0 = -4*b - u - 40 - 86, 86 = -3*b - 5*u. Let k = j + b. Calculate the remainder when 17 is divided by k.
1
Suppose -138 + 160 = 2*b. Calculate the remainder when (-294)/(-12)*(1 + (-1)/(-1)) is divided by b.
5
Suppose 0 = -2*x - 5*j - 1417, 7*x - 5*x = 4*j - 1426. Let g = -380 - x. Calculate the remainder when g is divided by 67.
63
Suppose 3*w = -5*k + 118, 83*w + 158 = 86*w - 5*k. Let m = -11 - -27. What is the remainder when w is divided by m?
14
Suppose 0 = 5*g + 2*g - 112. Suppose 3*m + 131 = 4*m + q, 0 = 5*m + q - 635. Suppose -5*t - m = -8*t. Calculate the remainder when t is divided by g.
10
Let i = -12 + 20. Let l = i - -6. Suppose -187*c + 185*c - 289 = -5*a, 0 = 3*a - 3*c - 168. What is the remainder when a is divided by l?
3
Let t = 400 - 590. Let x = 213 + t. What is the remainder when x is divided by 12?
11
Suppose 11 = 9*a + 938. Let m = a + -32. What is the remainder when 77 is divided by 2/4 + 2 + m/(-10)?
13
Suppose 9*t - 1188 = 882. Suppose 0*a - t = -10*a. Calculate the remainder when 2/(-1)*((-225)/10 - -1) is divided by a.
20
Let y = 87 + -83. Suppose -y*g - 2*m - m = -235, m + 160 = 3*g. Calculate the remainder when g is divided by 1.
0
What is the remainder when (837 - ((-70)/(-14) + (-3)/3)) + -4 is divided by 19?
12
Let q be 1/(-4 + 39/9). Suppose q*y + 9 = -33. Let s = 11 - y. Calculate the remainder when 47 is divided by s.
22
Let g be 0 - (1 - -11)/(-4). Suppose -32 = -4*t + j + g*j, -12 = -t - j. What is the remainder when t is divided by 2/1*(-9)/6*-1?
1
Suppose -234297*s - 9956 = -234373*s. Let h = 73 - 46. What is the remainder when s is divided by h?
23
Suppose 5*t + 1 - 6 = -5*s, 4*t + 14 = -s. Suppose -f + s*f = 210. Let l = -59 + 68. What is the remainder when f is divided by l?
6
Suppose 4 = -4*w + 5*w. Suppose -w*o - 11 = 5*r, -1 = -0*r + r + 2*o. Calculate the remainder when 40 is divided by (1 - r)*(-2)/(32/(-44)).
7
Let w(x) = -84*x - 11. Let l be w(2). Let p = 203 + l. Calculate the remainder when 164 is divided by p.
20
Let z(v) = 2*v**2 - 8*v - 10. Let l be z(-4). Suppose -6*a = -5*a - 5. Let n = l + a. Calculate the remainder when n is divided by 13.
7
Let r be 2/16 + (-68)/128*-28. Suppose 17*v - 168 = r*v. Calculate the remainder when v is divided by 10.
4
Suppose -314 = -3*g + 3*d + 592, -2*g + 5*d + 586 = 0. Calculate the remainder when g is divided by 41.
21
Let q = 6646 + -6630. Calculate the remainder when 1040 is divided by q.
0
Let u = -1 - -17. Suppose 219 = -24*n + 4755. What is the remainder when n is divided by u?
13
Let z(x) = 2*x + 11. Suppose 25 = -2*a - 3*a + n, 3*a = 2*n - 22. Let p be z(a). Suppose 0 = -7*g + 8*g - p. Calculate the remainder when 4 is divided by g.
1
Let h(b) = 71*b - 126. Calculate the remainder when 48 is divided by h(2).
0
Let n = -25 - -27. Suppose 0 = n*g - 6*g + 212. Let c = g - -16. Calculate the remainder when c is divided by 24.
21
Suppose o - 26 = -11. Let x be (4*1)/(5 - 69/o). Calculate the remainder when (112/x)/(8/20) is divided by 10.
8
Suppose -5*u = 5*y - 3*y + 57, 0 = -y - 2*u - 31. Let q = y + 44. Suppose q*f - 47 = o, 4*f + o = 3*o + 64. Calculate the remainder when 57 is divided by f.
12
Let p(w) = -w**2 + 17*w + 29. Suppose 2*d + 52 = 4*j, -2*d + 4*d - 46 = -3*j. Calculate the remainder when p(j) is divided by 4/4*-1*-19.
14
Let b = -466 + 469. Suppose -157 = -b*q - 4. What is the remainder when 69 is divided by q?
18
Suppose -15*o + 0*o = -6090. Let m = o + -394. What is the remainder when 47 is divided by m?
11
Suppose -135*i - 80*i + 128785 = 0. Calculate the remainder when i is divided by 296.
7
Suppose 5567 = -9*u + 16583. Suppose 8*y = 42*y - u. What is the remainder when 287 is divided by y?
35
Suppose -4559 = -163*f + 66*f. Let d(j) = -7*j + 8. Calculate the remainder when f is divided by d(-4).
11
Suppose 5*n + 32*n - 167 = 2756. Calculate the remainder when 820 is divided by n.
30
Suppose 31*d - 100 = 41*d. What is the remainder when (-82)/d*13 - (-166)/415 is divided by 22?
19
Suppose 1942*i - 2016*i + 13246 = 0. Calculate the remainder when i is divided by 81.
17
Let i = 10738 - 10517. Calculate the remainder when i is divided by 53.
9
Suppose 62 = 5*p + c - 5*c, 2*c + 10 = p. Suppose -7 + 23 = 4*w. Let t(l) = -l**3 + 3*l**2 + 6*l - 4. Calculate the remainder when p is divided by t(w).
2
Let s = 354 - 223. Suppose -20 = s*t - 136*t. What is the remainder when 13 is divided by t?
1
Let n = -1822 + 1830. Let a(y) = 2*y + 3*y + y - 28. Calculate the remainder when a(n) is divided by 11.
9
Let l be 22525/9 + 38/171. Suppose 0 = 2504*z - l*z - 219. Calculate the remainder when z is divided by 37.
34
Suppose 18*u - 21*u = 5*s - 121, -128 = -3*u + 2*s. Suppose a - 6*t + t = 20, 4*a - t = u. What is the remainder when 227 is divided by a?
7
Let f(j) = -9*j - 178. Let b(m) = -3*m**3 + m**2 - 2*m - 3. Calculate the remainder when f(-28) is divided by b(-1).
2
Let r(p) = 5*p**3 + 205*p**2 - 5*p - 121. What is the remainder when 247 is divided by r(-41)?
79
Let m be (-3)/(6 - 12618/2100). Suppose